{"id":540,"date":"2024-03-08T20:50:51","date_gmt":"2024-03-08T20:50:51","guid":{"rendered":"https:\/\/mproduccion.datacentersgo.gob.ar\/?page_id=540"},"modified":"2024-03-08T20:50:52","modified_gmt":"2024-03-08T20:50:52","slug":"oficina-huerta","status":"publish","type":"page","link":"https:\/\/mproduccion.datacentersgo.gob.ar\/index.php\/oficina-huerta\/","title":{"rendered":"Oficina Huerta"},"content":{"rendered":"\n<h4 class=\"wp-block-heading\">PRODUCCION: SE ENTREGAN KITS DE SEMILLAS PARA HUERTAS FAMILIARES<\/h4>\n\n\n\n<p>El Ministerio de la Producci\u00f3n informa que en el cumplimiento de directivas expresadas<br>desde el Superior Gobierno de la Provincia, contin\u00faa desarroll\u00e1ndose el programa<br>Huerta y Cercos en todo el \u00e1mbito de la provincia, a trav\u00e9s de la Direcci\u00f3n General de<br>Agricultura y Ganader\u00eda- Subdirecci\u00f3n de Agricultura Familiar.<br>En tal sentido, se contin\u00faa con la entrega a lo largo del a\u00f1o de kits de semilla en<br>localidades del interior con las especies correspondientes a las distintas \u00e9pocas del a\u00f1o.<br>Para solicitar los kits de semillas mencionados, los interesados deber\u00e1n presentar una<br>nota de pedido dirigida al director de la repartici\u00f3n, en la cual se adjuntar\u00e1 una planilla<br>con los productores a ser beneficiados, en la cual se detallar\u00e1 nombre, domicilio y DNI<br>de los mismos.<br>Se destaca que, los objetivos del programa vigente propenden al autoabastecimiento de<br>las familias rurales, dentro del concepto de agricultura familiar, pudiendo tambi\u00e9n las<br>familias proceder a la venta o canje de los productos excedentes.<br>Referente al mismo programa, se destaca que se han elaborado cartillas de capacitaci\u00f3n<br>que se proveen en forma conjunta con los kits, complement\u00e1ndose con charlas dictadas<br>por t\u00e9cnicos del programa..<\/p>\n","protected":false},"excerpt":{"rendered":"<p>PRODUCCION: SE ENTREGAN KITS DE SEMILLAS PARA HUERTAS FAMILIARES El Ministerio de la Producci\u00f3n informa que en el cumplimiento de directivas expresadasdesde el Superior Gobierno de la Provincia, contin\u00faa desarroll\u00e1ndose el programaHuerta y Cercos en todo el \u00e1mbito de la provincia, a trav\u00e9s de la Direcci\u00f3n General deAgricultura y Ganader\u00eda- Subdirecci\u00f3n de Agricultura Familiar.En tal [&hellip;]<\/p>\n","protected":false},"author":1,"featured_media":0,"parent":0,"menu_order":0,"comment_status":"closed","ping_status":"closed","template":"","meta":{"_acf_changed":false,"footnotes":""},"class_list":["post-540","page","type-page","status-publish","hentry"],"acf":[],"yoast_head":"<!-- This site is optimized with the Yoast SEO plugin v26.4 - https:\/\/yoast.com\/wordpress\/plugins\/seo\/ -->\n<title>Oficina Huerta - Ministerio de Producci\u00f3n de Santiago del Estero<\/title>\n<meta name=\"robots\" content=\"index, follow, max-snippet:-1, max-image-preview:large, max-video-preview:-1\" \/>\n<link rel=\"canonical\" href=\"https:\/\/mproduccion.datacentersgo.gob.ar\/index.php\/oficina-huerta\/\" \/>\n<meta property=\"og:locale\" content=\"es_ES\" \/>\n<meta property=\"og:type\" content=\"article\" \/>\n<meta property=\"og:title\" content=\"Oficina Huerta - Ministerio de Producci\u00f3n de Santiago del Estero\" \/>\n<meta property=\"og:description\" content=\"PRODUCCION: SE ENTREGAN KITS DE SEMILLAS PARA HUERTAS FAMILIARES El Ministerio de la Producci\u00f3n informa que en el cumplimiento de directivas expresadasdesde el Superior Gobierno de la Provincia, contin\u00faa desarroll\u00e1ndose el programaHuerta y Cercos en todo el \u00e1mbito de la provincia, a trav\u00e9s de la Direcci\u00f3n General deAgricultura y Ganader\u00eda- Subdirecci\u00f3n de Agricultura Familiar.En tal [&hellip;]\" \/>\n<meta property=\"og:url\" content=\"https:\/\/mproduccion.datacentersgo.gob.ar\/index.php\/oficina-huerta\/\" \/>\n<meta property=\"og:site_name\" content=\"Ministerio de Producci\u00f3n de Santiago del Estero\" \/>\n<meta property=\"article:publisher\" content=\"https:\/\/www.facebook.com\/MProduccion\" \/>\n<meta property=\"article:modified_time\" content=\"2024-03-08T20:50:52+00:00\" \/>\n<meta name=\"twitter:card\" content=\"summary_large_image\" \/>\n<meta name=\"twitter:label1\" content=\"Tiempo de lectura\" \/>\n\t<meta name=\"twitter:data1\" content=\"1 minuto\" \/>\n<script type=\"application\/ld+json\" class=\"yoast-schema-graph\">{\"@context\":\"https:\/\/schema.org\",\"@graph\":[{\"@type\":\"WebPage\",\"@id\":\"https:\/\/mproduccion.datacentersgo.gob.ar\/index.php\/oficina-huerta\/\",\"url\":\"https:\/\/mproduccion.datacentersgo.gob.ar\/index.php\/oficina-huerta\/\",\"name\":\"Oficina Huerta - Ministerio de Producci\u00f3n de Santiago del Estero\",\"isPartOf\":{\"@id\":\"https:\/\/mproduccion.datacentersgo.gob.ar\/#website\"},\"datePublished\":\"2024-03-08T20:50:51+00:00\",\"dateModified\":\"2024-03-08T20:50:52+00:00\",\"breadcrumb\":{\"@id\":\"https:\/\/mproduccion.datacentersgo.gob.ar\/index.php\/oficina-huerta\/#breadcrumb\"},\"inLanguage\":\"es\",\"potentialAction\":[{\"@type\":\"ReadAction\",\"target\":[\"https:\/\/mproduccion.datacentersgo.gob.ar\/index.php\/oficina-huerta\/\"]}]},{\"@type\":\"BreadcrumbList\",\"@id\":\"https:\/\/mproduccion.datacentersgo.gob.ar\/index.php\/oficina-huerta\/#breadcrumb\",\"itemListElement\":[{\"@type\":\"ListItem\",\"position\":1,\"name\":\"Portada\",\"item\":\"https:\/\/mproduccion.datacentersgo.gob.ar\/\"},{\"@type\":\"ListItem\",\"position\":2,\"name\":\"Oficina Huerta\"}]},{\"@type\":\"WebSite\",\"@id\":\"https:\/\/mproduccion.datacentersgo.gob.ar\/#website\",\"url\":\"https:\/\/mproduccion.datacentersgo.gob.ar\/\",\"name\":\"Ministerio de Producci\u00f3n de Santiago del Estero\",\"description\":\"\",\"publisher\":{\"@id\":\"https:\/\/mproduccion.datacentersgo.gob.ar\/#organization\"},\"potentialAction\":[{\"@type\":\"SearchAction\",\"target\":{\"@type\":\"EntryPoint\",\"urlTemplate\":\"https:\/\/mproduccion.datacentersgo.gob.ar\/?s={search_term_string}\"},\"query-input\":{\"@type\":\"PropertyValueSpecification\",\"valueRequired\":true,\"valueName\":\"search_term_string\"}}],\"inLanguage\":\"es\"},{\"@type\":\"Organization\",\"@id\":\"https:\/\/mproduccion.datacentersgo.gob.ar\/#organization\",\"name\":\"Ministerio de Producci\u00f3n De Santiago del Estero\",\"url\":\"https:\/\/mproduccion.datacentersgo.gob.ar\/\",\"logo\":{\"@type\":\"ImageObject\",\"inLanguage\":\"es\",\"@id\":\"https:\/\/mproduccion.datacentersgo.gob.ar\/#\/schema\/logo\/image\/\",\"url\":\"https:\/\/mproduccion.datacentersgo.gob.ar\/wp-content\/uploads\/2022\/07\/Ministerio-Produccion-Logo.png\",\"contentUrl\":\"https:\/\/mproduccion.datacentersgo.gob.ar\/wp-content\/uploads\/2022\/07\/Ministerio-Produccion-Logo.png\",\"width\":1000,\"height\":1000,\"caption\":\"Ministerio de Producci\u00f3n De Santiago del Estero\"},\"image\":{\"@id\":\"https:\/\/mproduccion.datacentersgo.gob.ar\/#\/schema\/logo\/image\/\"},\"sameAs\":[\"https:\/\/www.facebook.com\/MProduccion\",\"https:\/\/www.instagram.com\/ministeriodeproduccionsde\/\",\"https:\/\/www.youtube.com\/channel\/UCWZNDXe5X8raCg0SVdIcnjg\"]}]}<\/script>\n<!-- \/ Yoast SEO plugin. -->","yoast_head_json":{"title":"Oficina Huerta - Ministerio de Producci\u00f3n de Santiago del Estero","robots":{"index":"index","follow":"follow","max-snippet":"max-snippet:-1","max-image-preview":"max-image-preview:large","max-video-preview":"max-video-preview:-1"},"canonical":"https:\/\/mproduccion.datacentersgo.gob.ar\/index.php\/oficina-huerta\/","og_locale":"es_ES","og_type":"article","og_title":"Oficina Huerta - Ministerio de Producci\u00f3n de Santiago del Estero","og_description":"PRODUCCION: SE ENTREGAN KITS DE SEMILLAS PARA HUERTAS FAMILIARES El Ministerio de la Producci\u00f3n informa que en el cumplimiento de directivas expresadasdesde el Superior Gobierno de la Provincia, contin\u00faa desarroll\u00e1ndose el programaHuerta y Cercos en todo el \u00e1mbito de la provincia, a trav\u00e9s de la Direcci\u00f3n General deAgricultura y Ganader\u00eda- Subdirecci\u00f3n de Agricultura Familiar.En tal [&hellip;]","og_url":"https:\/\/mproduccion.datacentersgo.gob.ar\/index.php\/oficina-huerta\/","og_site_name":"Ministerio de Producci\u00f3n de Santiago del Estero","article_publisher":"https:\/\/www.facebook.com\/MProduccion","article_modified_time":"2024-03-08T20:50:52+00:00","twitter_card":"summary_large_image","twitter_misc":{"Tiempo de lectura":"1 minuto"},"schema":{"@context":"https:\/\/schema.org","@graph":[{"@type":"WebPage","@id":"https:\/\/mproduccion.datacentersgo.gob.ar\/index.php\/oficina-huerta\/","url":"https:\/\/mproduccion.datacentersgo.gob.ar\/index.php\/oficina-huerta\/","name":"Oficina Huerta - Ministerio de Producci\u00f3n de Santiago del Estero","isPartOf":{"@id":"https:\/\/mproduccion.datacentersgo.gob.ar\/#website"},"datePublished":"2024-03-08T20:50:51+00:00","dateModified":"2024-03-08T20:50:52+00:00","breadcrumb":{"@id":"https:\/\/mproduccion.datacentersgo.gob.ar\/index.php\/oficina-huerta\/#breadcrumb"},"inLanguage":"es","potentialAction":[{"@type":"ReadAction","target":["https:\/\/mproduccion.datacentersgo.gob.ar\/index.php\/oficina-huerta\/"]}]},{"@type":"BreadcrumbList","@id":"https:\/\/mproduccion.datacentersgo.gob.ar\/index.php\/oficina-huerta\/#breadcrumb","itemListElement":[{"@type":"ListItem","position":1,"name":"Portada","item":"https:\/\/mproduccion.datacentersgo.gob.ar\/"},{"@type":"ListItem","position":2,"name":"Oficina Huerta"}]},{"@type":"WebSite","@id":"https:\/\/mproduccion.datacentersgo.gob.ar\/#website","url":"https:\/\/mproduccion.datacentersgo.gob.ar\/","name":"Ministerio de Producci\u00f3n de Santiago del Estero","description":"","publisher":{"@id":"https:\/\/mproduccion.datacentersgo.gob.ar\/#organization"},"potentialAction":[{"@type":"SearchAction","target":{"@type":"EntryPoint","urlTemplate":"https:\/\/mproduccion.datacentersgo.gob.ar\/?s={search_term_string}"},"query-input":{"@type":"PropertyValueSpecification","valueRequired":true,"valueName":"search_term_string"}}],"inLanguage":"es"},{"@type":"Organization","@id":"https:\/\/mproduccion.datacentersgo.gob.ar\/#organization","name":"Ministerio de Producci\u00f3n De Santiago del Estero","url":"https:\/\/mproduccion.datacentersgo.gob.ar\/","logo":{"@type":"ImageObject","inLanguage":"es","@id":"https:\/\/mproduccion.datacentersgo.gob.ar\/#\/schema\/logo\/image\/","url":"https:\/\/mproduccion.datacentersgo.gob.ar\/wp-content\/uploads\/2022\/07\/Ministerio-Produccion-Logo.png","contentUrl":"https:\/\/mproduccion.datacentersgo.gob.ar\/wp-content\/uploads\/2022\/07\/Ministerio-Produccion-Logo.png","width":1000,"height":1000,"caption":"Ministerio de Producci\u00f3n De Santiago del Estero"},"image":{"@id":"https:\/\/mproduccion.datacentersgo.gob.ar\/#\/schema\/logo\/image\/"},"sameAs":["https:\/\/www.facebook.com\/MProduccion","https:\/\/www.instagram.com\/ministeriodeproduccionsde\/","https:\/\/www.youtube.com\/channel\/UCWZNDXe5X8raCg0SVdIcnjg"]}]}},"_links":{"self":[{"href":"https:\/\/mproduccion.datacentersgo.gob.ar\/index.php\/wp-json\/wp\/v2\/pages\/540","targetHints":{"allow":["GET"]}}],"collection":[{"href":"https:\/\/mproduccion.datacentersgo.gob.ar\/index.php\/wp-json\/wp\/v2\/pages"}],"about":[{"href":"https:\/\/mproduccion.datacentersgo.gob.ar\/index.php\/wp-json\/wp\/v2\/types\/page"}],"author":[{"embeddable":true,"href":"https:\/\/mproduccion.datacentersgo.gob.ar\/index.php\/wp-json\/wp\/v2\/users\/1"}],"replies":[{"embeddable":true,"href":"https:\/\/mproduccion.datacentersgo.gob.ar\/index.php\/wp-json\/wp\/v2\/comments?post=540"}],"version-history":[{"count":1,"href":"https:\/\/mproduccion.datacentersgo.gob.ar\/index.php\/wp-json\/wp\/v2\/pages\/540\/revisions"}],"predecessor-version":[{"id":541,"href":"https:\/\/mproduccion.datacentersgo.gob.ar\/index.php\/wp-json\/wp\/v2\/pages\/540\/revisions\/541"}],"wp:attachment":[{"href":"https:\/\/mproduccion.datacentersgo.gob.ar\/index.php\/wp-json\/wp\/v2\/media?parent=540"}],"curies":[{"name":"wp","href":"https:\/\/api.w.org\/{rel}","templated":true}]}}